31528
In base 4, what is -30223222 + 0?
-30223222
In base 13, what is -24343 + 2?
-24341
In base 11, what is -2851a - 3?
-28522
In base 7, what is -1055301 + 0?
-1055301
In base 3, what is 11 + 2220102011?
2220102022
In base 7, what is -4 - 63266?
-63303
In base 7, what is 11 + -1415014?
-1415003
In base 12, what is 249170 - -4?
249174
In base 15, what is 73c - -c4?
811
In base 8, what is 7 + 27232?
27241
In base 11, what is 5 - -aa3347?
aa3351
In base 2, what is 11010000101 + 10000?
11010010101
In base 15, what is -5753 - -2?
-5751
In base 10, what is -8787 + -31?
-8818
In base 8, what is -51572 - 0?
-51572
In base 7, what is 4541 - 30?
4511
In base 15, what is 5a1 - 5?
59b
In base 2, what is -111010110000110 + -100?
-111010110001010
In base 12, what is -113 + 894?
781
In base 15, what is 4e78 - -5e?
4ed7
In base 12, what is -3 + 2921?
291a
In base 6, what is -4 - -143122?
143114
In base 9, what is 5 - -47160?
47165
In base 13, what is 182c6 + 4?
182ca
In base 8, what is 2432116 - 2?
2432114
In base 3, what is -1 + 1002020202121?
1002020202120
In base 12, what is 1735 - -54?
1789
In base 14, what is -29a8 + -32?
-29da
In base 15, what is -5 + 279e?
2799
In base 16, what is 51c0 + a?
51ca
In base 7, what is -4 - -24200?
24163
In base 6, what is -5015551 + 0?
-5015551
In base 16, what is 1e69 + 5?
1e6e
In base 6, what is 1 + 152151?
152152
In base 6, what is 21313202 - 5?
21313153
In base 4, what is 123300 - 200?
123100
In base 14, what is -445 - -25?
-420
In base 5, what is -4 + -1033133?
-1033142
In base 14, what is b - -12bda?
12c07
In base 6, what is -5 + -3511122?
-3511131
In base 2, what is -101010 - -1000000110000010?
1000000101011000
In base 8, what is -125143 + -5?
-125150
In base 2, what is 11100010001000101100 + -10?
11100010001000101010
In base 15, what is b68 + -29e?
8b9
In base 10, what is -13255 + 5?
-13250
In base 12, what is -5320a + 1?
-53209
In base 12, what is -546b8 + -2?
-546ba
In base 7, what is -23232 + -1?
-23233
In base 10, what is 4 + -28432?
-28428
In base 15, what is 381 + 27a?
60b
In base 13, what is -22c7 - 41?
-2338
In base 16, what is 3 - 4e3d?
-4e3a
In base 7, what is 1236563 - 5?
1236555
In base 14, what is 0 - 1038?
-1038
In base 14, what is -3b + -22b?
-268
In base 2, what is -101111101101000000 + 11?
-101111101100111101
In base 5, what is 111122234 - 3?
111122231
In base 2, what is 1110 - 111010001100010?
-111010001010100
In base 2, what is -10001 - 1010110001011?
-1010110011100
In base 9, what is -8 - 11101?
-11110
In base 12, what is 16 + 21380?
21396
In base 3, what is 1200201201 + 0?
1200201201
In base 15, what is 1dcda + 4?
1dcde
In base 3, what is 2202 - -11011110?
11021012
In base 12, what is 74a + -330?
41a
In base 7, what is -6253 + 100?
-6153
In base 5, what is 34332 - -3?
34340
In base 4, what is 0 + -1202001?
-1202001
In base 11, what is 798 + -2?
796
In base 4, what is -2201100113 + 11?
-2201100102
In base 11, what is 2 - -4a6907?
4a6909
In base 2, what is 101010000001010 - 100?
101010000000110
In base 16, what is 2375 - -13?
2388
In base 11, what is 6a + 122?
191
In base 10, what is 56150 - 0?
56150
In base 6, what is -1331504 + 31?
-1331433
In base 16, what is 4 - f2e?
-f2a
In base 7, what is 26 - 1114?
-1055
In base 6, what is 10103 + 1?
10104
In base 3, what is 11 - -211222200?
211222211
In base 15, what is -189c - -5b?
-1841
In base 3, what is 11210111 - 20?
11210021
In base 15, what is 2865 - 2?
2863
In base 4, what is -132 + 231003?
230211
In base 6, what is 4 - -305333?
305341
In base 4, what is -222223211 - -2?
-222223203
In base 11, what is 2 - -2a931?
2a933
In base 15, what is 35 + -2eda?
-2ea5
In base 5, what is 103 - -3042233?
3042341
In base 13, what is -2 + -373235?
-373237
In base 2, what is 110010010 - 1111000111?
-1000110101
In base 6, what is 11135 - 2554?
4141
In base 14, what is 31 + -1737?
-1706
In base 16, what is 33b4 + 1?
33b5
In base 14, what is -47d + -15c?
-5db
In base 5, what is -1 + 2334003?
2334002
In base 5, what is 30 + 32212?
32242
In base 4, what is 220 - 1020233?
-1020013
In base 15, what is -4cd - -124?
-3a9
In base 13, what is -129c0b - 1?
-129c0c
In base 16, what is 132a8 - c?
1329c
In base 16, what is 2 - ef03?
-ef01
In base 16, what is -1edc84 - -1?
-1edc83
In base 4, what is 10 + 13021011?
13021021
In base 3, what is -101 + -1210020?
-1210121
In base 2, what is -10 - 101111001000110000?
-101111001000110010
In base 2, what is 1 - 101100001010111?
-101100001010110
In base 7, what is 10 - 341405?
-341365
In base 8, what is 162 - 2204?
-2022
In base 16, what is 4c7 + -11f?
3a8
In base 9, what is 2 - -1874?
1876
In base 7, what is 1311 + 1221?
2532
In base 7, what is 1 - 42133?
-42132
In base 11, what is -91 + -286?
-367
In base 8, what is -11175 - 47?
-11244
In base 4, what is 10 - 21231211?
-21231201
In base 16, what is 7 - -2488?
248f
In base 14, what is 49 + 115?
160
In base 10, what is 0 - 12738?
-12738
In base 14, what is -6 + -31c9?
-31d1
In base 15, what is 3 - -2938?
293b
In base 2, what is -1011100111101111 - -10001?
-1011100111011110
In base 13, what is -36 - 212b?
-2164
In base 13, what is -91 - -17b1?
1720
In base 11, what is 26 - 1594?
-1569
In base 9, what is 2565 + 52?
2627
In base 15, what is d95 + -1?
d94
In base 8, what is 2 + -210003?
-210001
In base 5, what is -20220 + 13?
-20202
In base 3, what is 1200220100 + -12?
1200220011
In base 14, what is -3b79d0 + -2?
-3b79d2
In base 16, what is 5 - 34af0?
-34aeb
In base 5, what is -100220 - -23?
-100142
In base 9, what is 61778 + 3?
61782
In base 9, what is 3 + 16283?
16286
In base 14, what is 9d0 - a85?
-95
In base 15, what is 64258 - -4?
6425c
In base 6, what is -21104 - 3?
-21111
In base 10, what is -78271 + -6?
-78277
In base 15, what is -24 - 5de8?
-5e1c
In base 11, what is -2946 + 88?
-2869
In base 3, what is -10100212010 - 10?
-10100212020
In base 8, what is 21642262 + 5?
21642267
In base 13, what is a - -22275?
22282
In base 12, what is a0 - 138?
-58
In base 13, what is 354 + -a6?
27b
In base 4, what is -10 - 120323?
-120333
In base 2, what is -101 - 10010010100111100111?
-10010010100111101100
In base 15, what is 1070 - 5e?
1011
In base 3, what is -100 + -11021102?
-11021202
In base 9, what is 138 - -81?
230
In base 3, what is 2200102 + -2101?
2121001
In base 16, what is -2c - -2908f?
29063
In base 2, what is -10100111000 - -11001000?
-10001110000
In base 9, what is 12 - -17313?
17325
In base 3, what is -22011202211 - 12?
-22011210000
In base 14, what is 2d04 - -3?
2d07
In base 4, what is -212303 - 13?
-212322
In base 5, what is 102410121 + 2?
102410123
In base 8, what is -4 + 255105?
255101
In base 14, what is 7c8c + 23?
7cb1
In base 8, what is 31215632 + -3?
31215627
In base 7, what is 60016 - 0?
60016
In base 8, what is 40461 - 51?
40410
In base 11, what is -21749a + 2?
-217498
In base 14, what is -440 - -86?
-398
In base 2, what is -1100001 + -110110001101?
-110111101110
In base 15, what is 2 - 1608c?
-1608a
In base 8, what is 4 - 305101?
-305075
In base 11, what is 3515a - 0?
3515a
In base 7, what is 20650 + 2?
20652
In base 6, what is 1153 - 5050?
-3453
In base 6, what is -33311 - 3?
-33314
In base 7, what is -62 - 1452?
-1544
In base 8, what is -2151 + -1251?
-3422
In base 8, what is 1203 + 26?
1231
In base 12, what is 3012a3 - -3?
3012a6
In base 6, what is 14 + 4542?
5000
In base 3, what is 1011 + 2020102211?
2020110222
In base 16, what is 2c9 + 74?
33d
In base 8, what is -332 + -117?
-451
In base 6, what is 1 - 3204050?
-3204045
In base 4, what is 3 - -3021220?
3021223
In base 13, what is 1 + -20322?
-20321
In base 6, what is 23044 - 13?
23031
In base 7, what is 166325 + 5?
166333
In base 7, what is -13015 + -24?
-13042
In base 14, what is bd543 - -4?
bd547
In base 7, what is 1462556 + -6?
1462550
In base 8, what is 4 + -3215270?
-3215264
In base 15, what is 4c - -1ca8?
1d05
In base 5, what is 23331 + 13?
23344
In base 6, what is 4151 + 12243?
20434
In base 5, what is 112234103 + -3?
112234100
In base 4, what is -11 - 1320000?
-1320011
In base 8, what is -5653 + 74?
-5557
In base 8, what is -1661 + 2311?
430
In base 10, what is 140 - 2762?
-2622
In base 9, what is -178 + -26?
-215
In base 11, what is -4515a - -25?
-45135
In base 15, what is -18b + -1ca?
-366
In base 2, wha